{"id":36456,"date":"2024-06-05T15:41:42","date_gmt":"2024-06-05T13:41:42","guid":{"rendered":"https:\/\/www.globalwineries.nl\/product\/taberner-amado-entre-dos-aguas-tinto-barrica\/"},"modified":"2025-02-12T15:07:45","modified_gmt":"2025-02-12T14:07:45","slug":"taberner-amado-entre-dos-aguas-tinto-barrica","status":"publish","type":"product","link":"https:\/\/www.globalwineries.nl\/de\/product\/taberner-amado-entre-dos-aguas-tinto-barrica\/","title":{"rendered":"Taberner Amado Entre Dos Aguas Tinto Barrica"},"content":{"rendered":"<p>Taberner Amado Entre Dos Aguas Tinto Barrica Syrah. Cabernet Sauvignon und Grenache aus Aragonien, Spanien.  Er reift 12 Monate lang in Eichenf\u00e4ssern und ist Teil der Basis junger Weine, abgerundet durch die Aromen, die das Holz auf die von uns gesammelten Sorten \u00fcbertr\u00e4gt. Ein Geschmack, der Sie zun\u00e4chst nicht gleichg\u00fcltig l\u00e4sst und der \u00fcberrascht, weil er Aromen im Mund freisetzt.<\/p>\n","protected":false},"excerpt":{"rendered":"<p>Taberner Amado Entre Dos Aguas Tinto Barrica<\/p>\n<p>&nbsp;<\/p>\n","protected":false},"featured_media":37153,"comment_status":"open","ping_status":"closed","template":"","meta":{"_joinchat":[]},"product_brand":[],"product_cat":[4967,4969,4253,4879],"product_tag":[8071,4913,4977,4883,4987,8070],"class_list":{"0":"post-36456","1":"product","2":"type-product","3":"status-publish","4":"has-post-thumbnail","6":"product_cat-biologisch-de","7":"product_cat-boutique-winery-de","8":"product_cat-rotwein","9":"product_cat-spanien","10":"product_tag-aragon-de","11":"product_tag-cabernet-sauvignon-de","12":"product_tag-grenache-de","13":"product_tag-spanien","14":"product_tag-syrah-de","15":"product_tag-taberner-amado-de","16":"product_shipping_class-wijnfles-de","17":"pa_druivensoort-cab-sauvignon-de","18":"pa_druivensoort-grenache-de","19":"pa_druivensoort-syrah-de","20":"pa_gastronomie-bbq-rindfleisch","21":"pa_gastronomie-gegrilltes-lammfleisch","22":"pa_jaar-2020-de","23":"pa_land-spanien","24":"pa_smaakprofiel-dominant-und-kraftvoll","25":"pa_streek-aragon-de","26":"pa_wijnhuis-taberner-amado-de","27":"pa_wijnsoort-rotwein","29":"first","30":"instock","31":"taxable","32":"shipping-taxable","33":"purchasable","34":"product-type-simple"},"_links":{"self":[{"href":"https:\/\/www.globalwineries.nl\/de\/wp-json\/wp\/v2\/product\/36456","targetHints":{"allow":["GET"]}}],"collection":[{"href":"https:\/\/www.globalwineries.nl\/de\/wp-json\/wp\/v2\/product"}],"about":[{"href":"https:\/\/www.globalwineries.nl\/de\/wp-json\/wp\/v2\/types\/product"}],"replies":[{"embeddable":true,"href":"https:\/\/www.globalwineries.nl\/de\/wp-json\/wp\/v2\/comments?post=36456"}],"wp:featuredmedia":[{"embeddable":true,"href":"https:\/\/www.globalwineries.nl\/de\/wp-json\/wp\/v2\/media\/37153"}],"wp:attachment":[{"href":"https:\/\/www.globalwineries.nl\/de\/wp-json\/wp\/v2\/media?parent=36456"}],"wp:term":[{"taxonomy":"product_brand","embeddable":true,"href":"https:\/\/www.globalwineries.nl\/de\/wp-json\/wp\/v2\/product_brand?post=36456"},{"taxonomy":"product_cat","embeddable":true,"href":"https:\/\/www.globalwineries.nl\/de\/wp-json\/wp\/v2\/product_cat?post=36456"},{"taxonomy":"product_tag","embeddable":true,"href":"https:\/\/www.globalwineries.nl\/de\/wp-json\/wp\/v2\/product_tag?post=36456"}],"curies":[{"name":"wp","href":"https:\/\/api.w.org\/{rel}","templated":true}]}}

<p>Taberner Amado Entre Dos Aguas Tinto Barrica Syrah. Cabernet Sauvignon und Grenache aus Aragonien, Spanien.  Er reift 12 Monate lang in Eichenfässern und ist Teil der Basis junger Weine, abgerundet durch die Aromen, die das Holz auf die von uns gesammelten Sorten überträgt. Ein Geschmack, der Sie zunächst nicht gleichgültig lässt und der überrascht, weil er Aromen im Mund freisetzt.</p>
